hat is (2 + 10 + 1 - 6) + -21?
-14
2 + (0 - 4) - ((-8 - -25) + -12)
-7
(-19 - (-8 - 3)) + 9
1
Calculate 1 - (-6 - -1 - -3).
3
Evaluate (25 - -5) + -17 - 22.
-9
1 - 48 - (-1571 - -1554)
-30
What is the value of 8 + (26 - 51) + (0 - (2 - 0))?
-19
What is -7 + -3 + -2 + -1?
-13
(-1 - -9 - 1) + (-35 - (0 + -39))
11
Calculate 8 + 2 + -10 + 6.
6
Calculate 8 + -34 + (37 - 12).
-1
What is -10 - (-25 - -11) - (3 + -5)?
6
-5 + ((-1 - 18) + 7 - -1)
-16
What is -16 + -4 - (-48 - -14)?
14
Evaluate (1 + -3 - -2) + 12 + -16 + 11.
7
What is 10 - (18 + (8 - 16) + 6)?
-6
What is the value of 14 + (-8 - 12) + 6 + 1 + -36?
-35
What is 18 + (15 - 9 - 21)?
3
(-5 + (7 - 22) - -53) + (0 - 9)
24
4 - -1 - (19 - 13 - -1)
-2
Evaluate (1 + (0 - 2) - 0) + (89 - 102).
-14
9 - (5 + 6 - -7)
-9
Calculate 3 + (-100 - -94 - (-17 + 1)) + 9.
22
Calculate (9 - -11 - 12) + -4.
4
Calculate -1 + -37 + -995 + 1023.
-10
Evaluate 4 + 1 + (-15 - (-5 + -2) - -13).
10
Calculate (36 + -43 - -39) + -41.
-9
1 + (10 + 0 - (50 - 73))
34
3 - (10 + -1 + -21 + 21)
-6
What is the value of (-237 - -270) + 0 + -52?
-19
Evaluate 44 + (-29 - (5 - 21)) + 3.
34
What is the value of -30 - -12 - (-1 + -17)?
0
What is -5 - (-8 + 8 - (21 + -10))?
6
Calculate -26 - -2 - ((5 - (2 - 12)) + -22).
-17
What is the value of 1 + 0 - (3 + -5 - 4) - 9?
-2
What is the value of 1 - (-7 - -12 - -18)?
-22
-14 - (-5 - -2 - (-7 - -4)) - -3
-11
What is (16 + 19 - 2 - (4 + -1)) + -6?
24
What is the value of 24 + 32 + -129 + 36?
-37
What is -14 + 14 + 9 - 20?
-11
What is (-11 - 1 - -5) + 10 + 7?
10
What is the value of 2 + -3 - (13 - (27 - 25))?
-12
What is -1 + (17 - -9 - 3 - (4 - 0))?
18
Calculate (0 - (-8 + 15)) + 5 - (-10 - 1).
9
What is the value of -15 + -1 + (3 - -1) + 16 + -26?
-22
What is the value of 16 - (12 - (3 - 9)) - 32?
-34
8 + -6 + -2 - (3 + 26) - -11
-18
Evaluate 97 + -82 + 15 + -5.
25
Evaluate 1 + -2 + 2 + -49 + 34.
-14
What is 8 + 19 + -5 + -21?
1
Calculate (-15 - 0 - (-7 + 0)) + -6.
-14
What is the value of (-8 - -18 - 25) + 11?
-4
What is -10 + -9 + (0 - -4) + 3?
-12
What is -215 + 230 + -9 + 1 + (-1 - -18)?
24
9 + (3 - (3 + (-6 + 6 - -2)))
7
Evaluate -159 + 143 + 1 + 9 - (7 + 1).
-14
Evaluate 46 - 59 - (-1 + 2 - 4 - -13).
-23
Calculate -32 + 5 - 0 - (-20 - -10) - 5.
-22
What is the value of 81 + -60 + (-31 - 2)?
-12
Calculate -4 - (17 + -11 + 0).
-10
Evaluate (6 - 0) + 27 + -62 + 11.
-18
Calculate -12 - (1 - 2) - (-26 - -20) - 8.
-13
Evaluate -7 + (-18 + 19 - (9 - (2 + 1))).
-12
Evaluate 9 + (5 - (-1 + (-3 - -18))).
0
Calculate (-22 + 0 - 25) + (18 - 1).
-30
What is the value of (13 - -9) + (-27 - -27 - (1 + -1))?
22
Evaluate (6 + -13 - 2) + 6.
-3
What is the value of 2 + -2 + 23 + -9 + (21 - 24)?
11
What is -6 + -4 + (6 - -2 - 0)?
-2
-7 - 2 - (-8 + 40 - 23)
-18
What is the value of (-1 - -2) + -384 + 379?
-4
Evaluate 10 - (-33 + 47 - (0 - 5 - 2)).
-11
What is 2 - (-8 + 23 + (-5 - (0 - 0)))?
-8
What is 12 + (4 - (-36 + 22))?
30
What is the value of 7 + 0 + -9 + 25 + (1 - 7)?
17
What is the value of 24 - 29 - (1 - (-1 - 5))?
-12
What is -31 + 3 + 70 - 20?
22
Evaluate -2 - -4 - (-20 + 5) - (-2 + -5).
24
Evaluate (2 - 12 - 3) + 11.
-2
Calculate -5 + -14 + (44 - 18).
7
-6 + 19 + (10 + 11 + -11 - 11)
12
Evaluate -46 + (6 - -6) + 0 + 6.
-28
What is the value of -1 + -2 + 9 + -100 + 81 - 5?
-18
What is -4 - -2 - (-2 + -3) - -2 - -6?
11
Evaluate (6 - 15) + -2 + 21 - (-2 - 3).
15
Evaluate 8 + (-3 + -7 - (3 + (-5 - -12))).
-12
Calculate -4 + (0 - 3 - 4) + 17.
6
13 - (-3 - (-10 - -3)) - (1 - -3)
5
What is the value of 74 + -70 - (0 + 29 - 5)?
-20
-24 - (-9 - (9 + -3))
-9
Evaluate 5 - (4 + 6 + 3 + -4).
-4
What is 5 + 1 + (39 - 55) - -2?
-8
What is the value of -7 + 7 + 13 - 4 - 9?
0
Evaluate 6 + 9 + -18 + 2.
-1
(-1 + -8 - 1) + (-1628 - -1630)
-8
-16 + 23 + -1 - -7
13
What is 2 + (4 - 7) - (44 - 34)?
-11
Evaluate 2 + -8 + (50 - 38).
6
Calculate 32 + -75 + 11 + (1 - 2) + 3.
-30
What is the value of -4 + -9 + 24 - -16?
27
Calculate -10 + 77 + -62 - (-27 + 0 - 1).
33
What is the value of 10 + -55 - -47 - (6 + (1 - 0))?
-5
Calculate (4 - 5 - 5) + -17 + 8 + 26.
11
12 - (-23 + 12 - -14)
9
Calculate -22 + 13 + 0 + (1 + -1 - -1).
-8
(-54 - -81 - (-1 + -12 + 2)) + -1
37
What is -2 + (-18 - -31) - 5?
6
Calculate -4 + 1 + -9 + -3 + 7.
-8
Calculate -43 - (-31 - -23) - -52.
17
What is -21 + (-3 - -17) + -3?
-10
Evaluate (-3 - -1 - (5 - 9)) + 12 + -12.
2
What is -9 - ((16 - 42) + 9)?
8
What is the value of 1 - (-32 + 29) - -13?
17
Calculate 2 - -7 - (26 + 0 + -12).
-5
-41 - ((-33 - 3) + 16 - -7)
-28
What is (-1 - -7) + -8 + 3?
1
What is 4 + (5 - (0 + -2 + 2))?
9
Calculate -7 + 6 + (7 - (3 - -1) - -3).
5
Evaluate 16 + -24 - -29 - 7.
14
Evaluate 7 - (12 + (-9 - 13)).
17
What is 16 + 2 + -21 - 6?
-9
Calculate -1 - (0 + 0 - -1 - (3 - 6)).
-5
What is -1 - (0 + -3 + -1 + (10 - 8))?
1
Calculate (5 + -12 - -13) + (-18 - -10) + -32.
-34
What is 9 - (-5 + 27 + -4 + -4)?
-5
What is -5 + (3 - (6 - -4 - 10))?
-2
What is (-5 + 3 - -2) + (2 - (11 + 4))?
-13
What is the value of -184 + 171 + 16 + 2 - -14?
19
What is 15 + (8 - 0 - 7)?
16
Calculate 0 - ((20 + -11 - -21) + 1 + 0).
-31
Calculate 5 + (-3 - -4) + (1 + -4 - 0).
3
What is the value of -6 - -10 - -4 - (2 + 0)?
6
What is the value of 50 + -48 - (-6 - (-27 - -2))?
-17
What is the value of 12 - 9 - (-12 - -19 - -3)?
-7
Calculate (6 - 9) + (-18 - (-13 + 3)) - 15.
-26
What is the value of -1 - (6 + (-1 - -3 - 9) + -6)?
6
What is 13 + -9 + -3 + 4 + 1 + 3?
9
What is the value of -4 - (-10 - (12 - 16))?
2
What is -9 + -10 - ((9 - 15) + 13)?
-26
-664 - -674 - (5 - -1 - -1)
3
Evaluate -21 + 44 + 37 + -25.
35
Evaluate -25 - (-18 + (-3 - -15)).
-19
1 + (-4 + 6 - 9) - -9
3
Evaluate (-5 - -28) + (-118 - -124 - (1 + 6)).
22
What is the value of 6 + 6 + -7 - (-16 + -3)?
24
What is 6 + (24 - 48 - -7)?
-11
What is -1 + -1 + -1 + (-3 + 8 - 9)?
-7
What is 12 - (12 + -17 + 11 + -1)?
7
Calculate 11 + (-12 + 3 - (-2 - 1)) + 4.
9
Evaluate -8 + (-3 - 3) + 1 + -8.
-21
Evaluate 11 + -7 + 2 + 2 + -26.
-18
What is (4 - 5) + (-25 + 13 - -20)?
7
Calculate 6 + -1 + (195 + -169 - (-1 - -18)).
14
(0 - -3 - (1 + (-4 - 0))) + -11
-5
What is 18 + (0 - 4) + 3 + -9 + 1?
9
Evaluate 9 - (5 - -4 - -6).
-6
What is the value of 11 + -16 + (10 - -5)?
10
What is the value of (-11 - 1) + (-2004 - -2027)?
11
What is (9 - -8 - -6) + (-8 - 0)?
15
Evaluate -12 + 14 + 0 + 7.
9
What is the value of -5 - (-15 - ((6 + -10 - 4) + 6))?
8
Calculate (-12 + 18 - (2 + 11)) + 11 + -24.
-20
What is (-31 - -40) + (12 - 5) + (-1 - 2)?
13
Calculate -22 + 20 + (-2 - 1) + -1 + -5.
-11
Calculate -1 + 5 + (17 - 13) + -16.
-8
Calculate (-39 - -33) + 0 + 31.
25
What is the value of 1 + -18 + 8 - (-10 + -1)?
2
What is 11 - -25 - 47 - (12 - -2)?
-25
What is the value of -4 - (6 + (4 + -9 - 10)) - 8?
-3
(-106 - -96) + -3 + (3 - (4 + 0))
-14
Calculate 5 + -4 + -3 - (-15 - -13) - -5.
5
39 - (-23 - (12 - 24) - (0 + -16))
34
What is the value of (-12 - (-23 + 15)) + 20?
16
Evaluate 1 - 1 - (14 + (-1 - 8) + -18).
13
(3 - 1) + (-41 - -46) + 12
19
Evaluate 19 - -1 - (-164 + 167).
17
Calculate 14 - 23 - (2 + -18 - 4).
11
8 + (3 - (1 - -7))
3
What is the value of 1 + -2 - (-63 + 55)?
7
What is the value of 16 + (-15 - 2) - 0?
-1
What is the value of 8 - 11 - (-18 + 18)?
-3
Calculate (-5 - 14 - 4) + -11.
-34
-29 + -34 + 30 + 1
-32
Evaluate -31 + -24 + 32 - -44.
21
What is the value of -13 + 15 + (-3 + 3 - 3)?
-1
What is the value of -10 + (-9 - 1) + (9 - (-7 - -15))?
-19
What is the value of 2 + ((17 - 9) + -3 - 7)?
0
What is (4 - 9) + 4 + 14 + 1?
14
What is -26 + 24 - -31 - 52?
-23
Calculate 9 - 14 - (90 + -85).
-10
What is the value of 2 + (-12 - (-2 - -1) - -8 - -6)?
5
What is the value of -21 + 29 + -16 + (1 - (-2 + -25))?
20
Evaluate -384 + 381 + (1 - ((0 - -2) + -9)).
5
What is 2 + -9 - (17 + -18)?
-6
Calculate 12 + 18 + (-27 - 18).
-15
Calculate -15 + (35 - (-8 + 18)).
10
What is the value of -28 + 17 - (-13 + 1)?
1
What is the value of 182 + -169 - (0 - (-13 + 0))?
0
Evaluate (1 - ((3 - 6) + 8)) + (0 - -3).
-1
What is the value of 13 - (-3 + 6 - -10)?
0
What is the value of 17 + -8 + -30 - (3 + -13)?
-11
Calculate -25 + 16 + 7 + 12.
10
What is the value of (-1 - (-3 + -15)) + -5?
12
Evaluate (-1 - 0) + 3 + (1 - (-6 + 8)).
1
What is (-50 - -54) + -1 + 1 + 1 + 5